{"id":769,"date":"2024-01-31T04:15:39","date_gmt":"2024-01-31T01:15:39","guid":{"rendered":"https:\/\/herbalkilokontrol.com.tr\/?post_type=product&#038;p=769"},"modified":"2026-03-26T11:36:13","modified_gmt":"2026-03-26T08:36:13","slug":"formul-3-pro-boost","status":"publish","type":"product","link":"https:\/\/herbalkilokontrol.com.tr\/index.php\/product\/formul-3-pro-boost\/","title":{"rendered":"Form\u00fcl 3 Pro-Boost"},"content":{"rendered":"","protected":false},"excerpt":{"rendered":"<p>Bu \u00e7ok y\u00f6nl\u00fc protein kar\u0131\u015f\u0131m\u0131, beslenmenizi tamamlamak ve g\u00fcnl\u00fck protein ihtiyac\u0131n\u0131z\u0131 kar\u015f\u0131laman\u0131za yard\u0131mc\u0131 olmak i\u00e7in form\u00fcle edilmi\u015ftir.<\/p>\n<p>Form\u00fcl 3 Pro-Boost, kas k\u00fctlesinin korunmas\u0131na ve b\u00fcy\u00fcmesine katk\u0131da bulunan peynir alt\u0131 suyu proteini ve y\u00fcksek kaliteli bezelye proteini kar\u0131\u015f\u0131m\u0131ndan yap\u0131lm\u0131\u015ft\u0131r.<\/p>\n","protected":false},"featured_media":770,"comment_status":"open","ping_status":"closed","template":"","meta":{"om_disable_all_campaigns":false,"_monsterinsights_skip_tracking":false,"_monsterinsights_sitenote_active":false,"_monsterinsights_sitenote_note":"","_monsterinsights_sitenote_category":0},"product_brand":[],"product_cat":[122,119,92,108,30,101,22,18],"product_tag":[220],"class_list":{"0":"post-769","1":"product","2":"type-product","3":"status-publish","4":"has-post-thumbnail","6":"product_cat-icecekler-caylar","7":"product_cat-kilo-alma","8":"product_cat-kilo-kontrol","9":"product_cat-performans","10":"product_cat-sporcu-urunleri","11":"product_cat-takviye-edici-gidalar","12":"product_cat-beslenme","13":"product_cat-tum-urunler","14":"product_tag-elma","16":"first","17":"instock","18":"sale","19":"taxable","20":"shipping-taxable","21":"purchasable","22":"product-type-simple"},"aioseo_notices":[],"_links":{"self":[{"href":"https:\/\/herbalkilokontrol.com.tr\/index.php\/wp-json\/wp\/v2\/product\/769"}],"collection":[{"href":"https:\/\/herbalkilokontrol.com.tr\/index.php\/wp-json\/wp\/v2\/product"}],"about":[{"href":"https:\/\/herbalkilokontrol.com.tr\/index.php\/wp-json\/wp\/v2\/types\/product"}],"replies":[{"embeddable":true,"href":"https:\/\/herbalkilokontrol.com.tr\/index.php\/wp-json\/wp\/v2\/comments?post=769"}],"wp:featuredmedia":[{"embeddable":true,"href":"https:\/\/herbalkilokontrol.com.tr\/index.php\/wp-json\/wp\/v2\/media\/770"}],"wp:attachment":[{"href":"https:\/\/herbalkilokontrol.com.tr\/index.php\/wp-json\/wp\/v2\/media?parent=769"}],"wp:term":[{"taxonomy":"product_brand","embeddable":true,"href":"https:\/\/herbalkilokontrol.com.tr\/index.php\/wp-json\/wp\/v2\/product_brand?post=769"},{"taxonomy":"product_cat","embeddable":true,"href":"https:\/\/herbalkilokontrol.com.tr\/index.php\/wp-json\/wp\/v2\/product_cat?post=769"},{"taxonomy":"product_tag","embeddable":true,"href":"https:\/\/herbalkilokontrol.com.tr\/index.php\/wp-json\/wp\/v2\/product_tag?post=769"}],"curies":[{"name":"wp","href":"https:\/\/api.w.org\/{rel}","templated":true}]}}