{"id":762,"date":"2024-01-31T03:45:38","date_gmt":"2024-01-31T00:45:38","guid":{"rendered":"https:\/\/herbalkilokontrol.com.tr\/?post_type=product&#038;p=762"},"modified":"2026-03-26T11:38:10","modified_gmt":"2026-03-26T08:38:10","slug":"herbal-aloe-mango-aromali-konsantre-icecek","status":"publish","type":"product","link":"https:\/\/herbalkilokontrol.com.tr\/index.php\/product\/herbal-aloe-mango-aromali-konsantre-icecek\/","title":{"rendered":"\u200b\u200bHerbal Aloe Mango Aromal\u0131 Konsantre \u0130\u00e7ecek"},"content":{"rendered":"","protected":false},"excerpt":{"rendered":"<p>Herbal Aloe Konsantre \u0130\u00e7ecek ile suyunuza lezzetli bir dokunu\u015f kat\u0131n. Bu hafif aromal\u0131 i\u00e7ecek, safla\u015ft\u0131r\u0131lm\u0131\u015f\u00a0<em>Aloe vera<\/em>\u00a0suyu ile doludur ve s\u0131v\u0131 al\u0131m\u0131 ihtiya\u00e7lar\u0131n\u0131z\u0131 kar\u015f\u0131laman\u0131za yard\u0131mc\u0131 olmak i\u00e7in \u00f6zel olarak tasarlanm\u0131\u015ft\u0131r.<\/p>\n","protected":false},"featured_media":754,"comment_status":"open","ping_status":"closed","template":"","meta":{"om_disable_all_campaigns":false,"_monsterinsights_skip_tracking":false,"_monsterinsights_sitenote_active":false,"_monsterinsights_sitenote_note":"","_monsterinsights_sitenote_category":0},"product_brand":[],"product_cat":[93,122,101,18],"product_tag":[170,218,219],"class_list":{"0":"post-762","1":"product","2":"type-product","3":"status-publish","4":"has-post-thumbnail","6":"product_cat-icecekler","7":"product_cat-icecekler-caylar","8":"product_cat-takviye-edici-gidalar","9":"product_cat-tum-urunler","10":"product_tag-aloe","11":"product_tag-herbal-aloe","12":"product_tag-mango","14":"first","15":"instock","16":"sale","17":"taxable","18":"shipping-taxable","19":"purchasable","20":"product-type-simple"},"aioseo_notices":[],"_links":{"self":[{"href":"https:\/\/herbalkilokontrol.com.tr\/index.php\/wp-json\/wp\/v2\/product\/762"}],"collection":[{"href":"https:\/\/herbalkilokontrol.com.tr\/index.php\/wp-json\/wp\/v2\/product"}],"about":[{"href":"https:\/\/herbalkilokontrol.com.tr\/index.php\/wp-json\/wp\/v2\/types\/product"}],"replies":[{"embeddable":true,"href":"https:\/\/herbalkilokontrol.com.tr\/index.php\/wp-json\/wp\/v2\/comments?post=762"}],"wp:featuredmedia":[{"embeddable":true,"href":"https:\/\/herbalkilokontrol.com.tr\/index.php\/wp-json\/wp\/v2\/media\/754"}],"wp:attachment":[{"href":"https:\/\/herbalkilokontrol.com.tr\/index.php\/wp-json\/wp\/v2\/media?parent=762"}],"wp:term":[{"taxonomy":"product_brand","embeddable":true,"href":"https:\/\/herbalkilokontrol.com.tr\/index.php\/wp-json\/wp\/v2\/product_brand?post=762"},{"taxonomy":"product_cat","embeddable":true,"href":"https:\/\/herbalkilokontrol.com.tr\/index.php\/wp-json\/wp\/v2\/product_cat?post=762"},{"taxonomy":"product_tag","embeddable":true,"href":"https:\/\/herbalkilokontrol.com.tr\/index.php\/wp-json\/wp\/v2\/product_tag?post=762"}],"curies":[{"name":"wp","href":"https:\/\/api.w.org\/{rel}","templated":true}]}}