{"id":688,"date":"2024-01-30T04:44:28","date_gmt":"2024-01-30T01:44:28","guid":{"rendered":"https:\/\/herbalkilokontrol.com.tr\/?post_type=product&#038;p=688"},"modified":"2026-03-26T11:50:11","modified_gmt":"2026-03-26T08:50:11","slug":"herbalife-vanilya-aromali-bademli-protein-bar","status":"publish","type":"product","link":"https:\/\/herbalkilokontrol.com.tr\/index.php\/product\/herbalife-vanilya-aromali-bademli-protein-bar\/","title":{"rendered":"Herbalife Vanilya Aromal\u0131 Bademli Protein Bar"},"content":{"rendered":"","protected":false},"excerpt":{"rendered":"<p>Herbalife Vanilya Aromal\u0131 Protein Bar, protein al\u0131m\u0131n\u0131z\u0131 art\u0131rman\u0131za yard\u0131mc\u0131 olmak i\u00e7in tasarlanm\u0131\u015f bir lezzet ve besin kar\u0131\u015f\u0131m\u0131 sunar.<br \/>\n<strong>Herbalife Vanilya Aromal\u0131 Protein Bar: Lezzet ve G\u00fc\u00e7, Her Yudumda Sizinle!<br \/>\n<\/strong><\/p>\n<p>Herbalife Vanilya Aromal\u0131 Protein Bar ile enerji dolu bir lezzet yolculu\u011funa haz\u0131r olun! Bu \u00f6zel at\u0131\u015ft\u0131rmal\u0131k, 10 gram s\u00fct proteini ve temel vitaminlerle g\u00fc\u00e7lendirilmi\u015f, lezzetli bir s\u00fctl\u00fc \u00e7ikolata kaplamas\u0131 ile \u00f6ne \u00e7\u0131kan bir protein \u015f\u00f6lenidir. G\u00fcn i\u00e7indeki enerji ihtiya\u00e7lar\u0131n\u0131z\u0131 kar\u015f\u0131lamak ve sa\u011fl\u0131kl\u0131 protein al\u0131m\u0131n\u0131z\u0131 art\u0131rmak hi\u00e7 bu kadar kolay olmam\u0131\u015ft\u0131.<\/p>\n<p>Pratik ve ta\u015f\u0131nabilir tasar\u0131m\u0131yla Protein Bar, \u00e7antan\u0131za s\u0131\u011facak kadar k\u00fc\u00e7\u00fck ancak enerji patlamas\u0131 ya\u015fatacak kadar g\u00fc\u00e7l\u00fcd\u00fcr. \u00c7e\u015fitli aromalar\u0131yla her damak zevkine hitap eden bu at\u0131\u015ft\u0131rmal\u0131k, a\u015fermelerinize lezzetli bir \u00e7\u00f6z\u00fcm sunar. Hareket halindeyken, spor yaparken veya g\u00fcnl\u00fck yo\u011fun tempoda ihtiyac\u0131n\u0131z olan enerjiyi hemen elde etmek i\u00e7in Protein Bar sizin yan\u0131n\u0131zda!<\/p>\n","protected":false},"featured_media":677,"comment_status":"open","ping_status":"closed","template":"","meta":{"om_disable_all_campaigns":false,"_monsterinsights_skip_tracking":false,"_monsterinsights_sitenote_active":false,"_monsterinsights_sitenote_note":"","_monsterinsights_sitenote_category":0},"product_brand":[],"product_cat":[25],"product_tag":[181,182,165,179,183,180],"class_list":{"0":"post-688","1":"product","2":"type-product","3":"status-publish","4":"has-post-thumbnail","6":"product_cat-araogun","7":"product_tag-ara-ogun","8":"product_tag-cikolata","9":"product_tag-herbalife","10":"product_tag-herbalife-protein-bar","11":"product_tag-limon","12":"product_tag-protein-bar","14":"first","15":"instock","16":"sale","17":"taxable","18":"shipping-taxable","19":"purchasable","20":"product-type-simple"},"aioseo_notices":[],"_links":{"self":[{"href":"https:\/\/herbalkilokontrol.com.tr\/index.php\/wp-json\/wp\/v2\/product\/688"}],"collection":[{"href":"https:\/\/herbalkilokontrol.com.tr\/index.php\/wp-json\/wp\/v2\/product"}],"about":[{"href":"https:\/\/herbalkilokontrol.com.tr\/index.php\/wp-json\/wp\/v2\/types\/product"}],"replies":[{"embeddable":true,"href":"https:\/\/herbalkilokontrol.com.tr\/index.php\/wp-json\/wp\/v2\/comments?post=688"}],"wp:featuredmedia":[{"embeddable":true,"href":"https:\/\/herbalkilokontrol.com.tr\/index.php\/wp-json\/wp\/v2\/media\/677"}],"wp:attachment":[{"href":"https:\/\/herbalkilokontrol.com.tr\/index.php\/wp-json\/wp\/v2\/media?parent=688"}],"wp:term":[{"taxonomy":"product_brand","embeddable":true,"href":"https:\/\/herbalkilokontrol.com.tr\/index.php\/wp-json\/wp\/v2\/product_brand?post=688"},{"taxonomy":"product_cat","embeddable":true,"href":"https:\/\/herbalkilokontrol.com.tr\/index.php\/wp-json\/wp\/v2\/product_cat?post=688"},{"taxonomy":"product_tag","embeddable":true,"href":"https:\/\/herbalkilokontrol.com.tr\/index.php\/wp-json\/wp\/v2\/product_tag?post=688"}],"curies":[{"name":"wp","href":"https:\/\/api.w.org\/{rel}","templated":true}]}}