{"id":168,"date":"2022-08-16T14:15:16","date_gmt":"2022-08-16T14:15:16","guid":{"rendered":"https:\/\/herbalkilokontrol.com.tr\/?post_type=product&#038;p=168"},"modified":"2026-01-16T11:05:45","modified_gmt":"2026-01-16T08:05:45","slug":"xtra-cal","status":"publish","type":"product","link":"https:\/\/herbalkilokontrol.com.tr\/index.php\/product\/xtra-cal\/","title":{"rendered":"Xtra-Cal\u00ae"},"content":{"rendered":"","protected":false},"excerpt":{"rendered":"<p><strong>Xtra-Cal<\/strong> ile Kemik Sa\u011fl\u0131\u011f\u0131n\u0131z\u0131 Destekleyin!<\/p>\n<p>G\u00fc\u00e7l\u00fc kemikler ve sa\u011fl\u0131kl\u0131 di\u015fler i\u00e7in kalsiyumun \u00f6nemi tart\u0131\u015f\u0131lmaz. Xtra-Cal, g\u00fcnl\u00fck kalsiyum ihtiyac\u0131n\u0131z\u0131 kar\u015f\u0131lamak ve kemik sa\u011fl\u0131\u011f\u0131n\u0131z\u0131 desteklemek amac\u0131yla \u00f6zenle form\u00fcle edilmi\u015f bir takviye edici g\u0131dad\u0131r.<\/p>\n<p>Her tablet, kalsiyumun yan\u0131 s\u0131ra magnezyum, bak\u0131r, manganez ve \u00e7inko gibi \u00f6nemli mineralleri i\u00e7erir. Bu \u00f6zel kar\u0131\u015f\u0131m, v\u00fccudunuzun g\u00fcnl\u00fck mineral ihtiya\u00e7lar\u0131na katk\u0131da bulunarak dengeli bir beslenmeyi destekler.<\/p>\n<p>Xtra-Cal ayr\u0131ca i\u00e7erdi\u011fi D Vitamini ile kalsiyum ve fosforun normal emilimine katk\u0131 sa\u011flar. D Vitamini, ayn\u0131 zamanda normal kas fonksiyonunun korunmas\u0131na da yard\u0131mc\u0131 olur.<\/p>\n<p>G\u00fcnl\u00fck ya\u015fam\u0131n h\u0131z\u0131na ayak uydurmak ve sa\u011fl\u0131\u011f\u0131n\u0131za \u00f6zen g\u00f6stermek i\u00e7in Xtra-Cal&#8217;\u0131 g\u00fcnl\u00fck rutininizin bir par\u00e7as\u0131 haline getirebilirsiniz. Her ana \u00f6\u011f\u00fcnle birlikte al\u0131nan bu kullan\u0131\u015fl\u0131 tabletler, kemik sa\u011fl\u0131\u011f\u0131n\u0131z\u0131 destekleyerek ya\u015fam kalitenizi art\u0131rabilir.<\/p>\n<p>Sa\u011fl\u0131kl\u0131 ya\u015fam i\u00e7in ad\u0131m at\u0131n, Xtra-Cal ile kemik sa\u011fl\u0131\u011f\u0131n\u0131z\u0131 g\u00fc\u00e7lendirin! (*G\u00fcnl\u00fck 3 tabletlik porsiyon, Kalsiyum BRD&#8217;nizin %100&#8217;\u00fcnden fazlas\u0131n\u0131 sa\u011flar.)<\/p>\n","protected":false},"featured_media":695,"comment_status":"open","ping_status":"closed","template":"","meta":{"om_disable_all_campaigns":false,"_monsterinsights_skip_tracking":false,"_monsterinsights_sitenote_active":false,"_monsterinsights_sitenote_note":"","_monsterinsights_sitenote_category":0},"product_brand":[],"product_cat":[101,26],"product_tag":[195,197,194,198,193,196],"class_list":{"0":"post-168","1":"product","2":"type-product","3":"status-publish","4":"has-post-thumbnail","6":"product_cat-takviye-edici-gidalar","7":"product_cat-vitaminler","8":"product_tag-bakir","9":"product_tag-cinko","10":"product_tag-d-vitamini","11":"product_tag-kalsiyum","12":"product_tag-magnezyum","13":"product_tag-manganez","15":"first","16":"instock","17":"sale","18":"taxable","19":"shipping-taxable","20":"purchasable","21":"product-type-simple"},"aioseo_notices":[],"_links":{"self":[{"href":"https:\/\/herbalkilokontrol.com.tr\/index.php\/wp-json\/wp\/v2\/product\/168"}],"collection":[{"href":"https:\/\/herbalkilokontrol.com.tr\/index.php\/wp-json\/wp\/v2\/product"}],"about":[{"href":"https:\/\/herbalkilokontrol.com.tr\/index.php\/wp-json\/wp\/v2\/types\/product"}],"replies":[{"embeddable":true,"href":"https:\/\/herbalkilokontrol.com.tr\/index.php\/wp-json\/wp\/v2\/comments?post=168"}],"wp:featuredmedia":[{"embeddable":true,"href":"https:\/\/herbalkilokontrol.com.tr\/index.php\/wp-json\/wp\/v2\/media\/695"}],"wp:attachment":[{"href":"https:\/\/herbalkilokontrol.com.tr\/index.php\/wp-json\/wp\/v2\/media?parent=168"}],"wp:term":[{"taxonomy":"product_brand","embeddable":true,"href":"https:\/\/herbalkilokontrol.com.tr\/index.php\/wp-json\/wp\/v2\/product_brand?post=168"},{"taxonomy":"product_cat","embeddable":true,"href":"https:\/\/herbalkilokontrol.com.tr\/index.php\/wp-json\/wp\/v2\/product_cat?post=168"},{"taxonomy":"product_tag","embeddable":true,"href":"https:\/\/herbalkilokontrol.com.tr\/index.php\/wp-json\/wp\/v2\/product_tag?post=168"}],"curies":[{"name":"wp","href":"https:\/\/api.w.org\/{rel}","templated":true}]}}