{"id":106,"date":"2022-08-16T12:04:12","date_gmt":"2022-08-16T12:04:12","guid":{"rendered":"https:\/\/herbalkilokontrol.com.tr\/?post_type=product&#038;p=106"},"modified":"2026-03-26T12:17:39","modified_gmt":"2026-03-26T09:17:39","slug":"yuksek-proteinli-soguk-kahve-karisimi","status":"publish","type":"product","link":"https:\/\/herbalkilokontrol.com.tr\/index.php\/product\/yuksek-proteinli-soguk-kahve-karisimi\/","title":{"rendered":"\u200bY\u00fcksek Proteinli So\u011fuk Kahve Kar\u0131\u015f\u0131m\u0131\u200b"},"content":{"rendered":"","protected":false},"excerpt":{"rendered":"<p>T\u00fcm kahve severlerin dikkatine. Bu sizin i\u00e7in \u00f6zel olarak haz\u0131rland\u0131.<\/p>\n<p>Y\u00fcksek Proteinli So\u011fuk Kahve Kar\u0131\u015f\u0131m\u0131 15 gram kaliteli peynir alt\u0131 suyu proteini ile form\u00fcle edilmi\u015ftir, ilave \u015feker i\u00e7ermez ve porsiyon ba\u015f\u0131na 80 miligram kafein i\u00e7erir.<\/p>\n","protected":false},"featured_media":666,"comment_status":"open","ping_status":"closed","template":"","meta":{"om_disable_all_campaigns":false,"_monsterinsights_skip_tracking":false,"_monsterinsights_sitenote_active":false,"_monsterinsights_sitenote_note":"","_monsterinsights_sitenote_category":0},"product_brand":[],"product_cat":[25,93,92,101],"product_tag":[187,186,189,190,188],"class_list":{"0":"post-106","1":"product","2":"type-product","3":"status-publish","4":"has-post-thumbnail","6":"product_cat-araogun","7":"product_cat-icecekler","8":"product_cat-kilo-kontrol","9":"product_cat-takviye-edici-gidalar","10":"product_tag-ice-coffee","11":"product_tag-kahve","12":"product_tag-latte","13":"product_tag-latte-macchiato","14":"product_tag-protein","16":"first","17":"instock","18":"sale","19":"taxable","20":"shipping-taxable","21":"purchasable","22":"product-type-simple"},"aioseo_notices":[],"_links":{"self":[{"href":"https:\/\/herbalkilokontrol.com.tr\/index.php\/wp-json\/wp\/v2\/product\/106"}],"collection":[{"href":"https:\/\/herbalkilokontrol.com.tr\/index.php\/wp-json\/wp\/v2\/product"}],"about":[{"href":"https:\/\/herbalkilokontrol.com.tr\/index.php\/wp-json\/wp\/v2\/types\/product"}],"replies":[{"embeddable":true,"href":"https:\/\/herbalkilokontrol.com.tr\/index.php\/wp-json\/wp\/v2\/comments?post=106"}],"wp:featuredmedia":[{"embeddable":true,"href":"https:\/\/herbalkilokontrol.com.tr\/index.php\/wp-json\/wp\/v2\/media\/666"}],"wp:attachment":[{"href":"https:\/\/herbalkilokontrol.com.tr\/index.php\/wp-json\/wp\/v2\/media?parent=106"}],"wp:term":[{"taxonomy":"product_brand","embeddable":true,"href":"https:\/\/herbalkilokontrol.com.tr\/index.php\/wp-json\/wp\/v2\/product_brand?post=106"},{"taxonomy":"product_cat","embeddable":true,"href":"https:\/\/herbalkilokontrol.com.tr\/index.php\/wp-json\/wp\/v2\/product_cat?post=106"},{"taxonomy":"product_tag","embeddable":true,"href":"https:\/\/herbalkilokontrol.com.tr\/index.php\/wp-json\/wp\/v2\/product_tag?post=106"}],"curies":[{"name":"wp","href":"https:\/\/api.w.org\/{rel}","templated":true}]}}