{"id":17,"date":"2024-01-19T06:27:53","date_gmt":"2024-01-19T06:27:53","guid":{"rendered":"https:\/\/herbalkilokontrol.com.tr\/index.php\/cart\/"},"modified":"2024-02-02T12:24:47","modified_gmt":"2024-02-02T09:24:47","slug":"cart","status":"publish","type":"page","link":"https:\/\/herbalkilokontrol.com.tr\/index.php\/cart\/","title":{"rendered":"Cart"},"content":{"rendered":"<div data-block-name=\"woocommerce\/cart\" class=\"wp-block-woocommerce-cart alignwide is-loading wc-block-cart\"><div data-block-name=\"woocommerce\/filled-cart-block\" class=\"wp-block-woocommerce-filled-cart-block\"><div data-block-name=\"woocommerce\/cart-items-block\" class=\"wp-block-woocommerce-cart-items-block\"><div data-block-name=\"woocommerce\/cart-line-items-block\" class=\"wp-block-woocommerce-cart-line-items-block\"><\/div>\n\n<div data-block-name=\"woocommerce\/cart-cross-sells-block\" class=\"wp-block-woocommerce-cart-cross-sells-block\"><h2 class=\"wp-block-heading has-large-font-size\">\u0130lginizi \u00e7ekebilir\u2026<\/h2>\n\n<div data-block-name=\"woocommerce\/cart-cross-sells-products-block\" class=\"wp-block-woocommerce-cart-cross-sells-products-block\"><\/div><\/div><\/div>\n\n<div data-block-name=\"woocommerce\/cart-totals-block\" class=\"wp-block-woocommerce-cart-totals-block\"><div data-block-name=\"woocommerce\/cart-order-summary-block\" class=\"wp-block-woocommerce-cart-order-summary-block\"><div data-block-name=\"woocommerce\/cart-order-summary-heading-block\" data-content=\"Sepet toplamlar\u0131\" class=\"wp-block-woocommerce-cart-order-summary-heading-block\"><\/div><div data-block-name=\"woocommerce\/cart-order-summary-coupon-form-block\" class=\"wp-block-woocommerce-cart-order-summary-coupon-form-block\"><\/div><div data-block-name=\"woocommerce\/cart-order-summary-totals-block\" class=\"wp-block-woocommerce-cart-order-summary-totals-block\">\n<div data-block-name=\"woocommerce\/cart-order-summary-subtotal-block\" class=\"wp-block-woocommerce-cart-order-summary-subtotal-block\"><\/div>\n<div data-block-name=\"woocommerce\/cart-order-summary-discount-block\" class=\"wp-block-woocommerce-cart-order-summary-discount-block\"><\/div>\n<div data-block-name=\"woocommerce\/cart-order-summary-fee-block\" class=\"wp-block-woocommerce-cart-order-summary-fee-block\"><\/div>\n<div data-block-name=\"woocommerce\/cart-order-summary-shipping-block\" class=\"wp-block-woocommerce-cart-order-summary-shipping-block\"><\/div>\n<div data-block-name=\"woocommerce\/cart-order-summary-taxes-block\" class=\"wp-block-woocommerce-cart-order-summary-taxes-block\"><\/div><\/div><\/div>\n\n<div data-block-name=\"woocommerce\/cart-express-payment-block\" class=\"wp-block-woocommerce-cart-express-payment-block\"><\/div>\n\n<div data-block-name=\"woocommerce\/proceed-to-checkout-block\" class=\"wp-block-woocommerce-proceed-to-checkout-block\"><\/div>\n\n<div data-block-name=\"woocommerce\/cart-accepted-payment-methods-block\" class=\"wp-block-woocommerce-cart-accepted-payment-methods-block\"><\/div><\/div><\/div>\n\n<div data-block-name=\"woocommerce\/empty-cart-block\" class=\"wp-block-woocommerce-empty-cart-block\"><h2 class=\"wp-block-heading has-text-align-center with-empty-cart-icon wc-block-cart__empty-cart__title\">Sepetiniz \u015fu anda bo\u015f!<\/h2>\n\n<p class=\"has-text-align-center\"><a href=\"https:\/\/herbalkilokontrol.com.tr\/index.php\/shop-2\/\">Ma\u011fazaya g\u00f6zat<\/a><\/p>\n\n<hr class=\"wp-block-separator has-alpha-channel-opacity is-style-dots\"\/>\n\n<h2 class=\"wp-block-heading has-text-align-center\">Ma\u011fazada yeni<\/h2>\n\n<div data-block-name=\"woocommerce\/product-new\" data-columns=\"4\" data-rows=\"1\" class=\"wc-block-grid wp-block-product-new wp-block-woocommerce-product-new wc-block-product-new has-4-columns\"><ul class=\"wc-block-grid__products\"><li class=\"wc-block-grid__product\">\n\t\t\t\t<a href=\"https:\/\/herbalkilokontrol.com.tr\/index.php\/product\/hl-skin-besleyici-el-ve-vucut-losyonu\/\" class=\"wc-block-grid__product-link\">\n\t\t\t\t\t<div class=\"wc-block-grid__product-onsale\">\n\t\t\t<span aria-hidden=\"true\">\u0130ndirim<\/span>\n\t\t\t<span class=\"screen-reader-text\">\u0130ndirimdeki \u00fcr\u00fcn<\/span>\n\t\t<\/div>\n\t\t\t\t\t<div class=\"wc-block-grid__product-image\"><img loading=\"lazy\" decoding=\"async\" width=\"800\" height=\"716\" src=\"https:\/\/herbalkilokontrol.com.tr\/wp-content\/uploads\/2026\/03\/pc-514k-tr.webp\" class=\"attachment-woocommerce_thumbnail size-woocommerce_thumbnail\" alt=\"HL\/Skin Besleyici El ve V\u00fccut Losyonu\" srcset=\"https:\/\/herbalkilokontrol.com.tr\/wp-content\/uploads\/2026\/03\/pc-514k-tr.webp 875w, https:\/\/herbalkilokontrol.com.tr\/wp-content\/uploads\/2026\/03\/pc-514k-tr-500x447.webp 500w, https:\/\/herbalkilokontrol.com.tr\/wp-content\/uploads\/2026\/03\/pc-514k-tr-300x268.webp 300w, https:\/\/herbalkilokontrol.com.tr\/wp-content\/uploads\/2026\/03\/pc-514k-tr-768x687.webp 768w, https:\/\/herbalkilokontrol.com.tr\/wp-content\/uploads\/2026\/03\/pc-514k-tr-84x75.webp 84w, https:\/\/herbalkilokontrol.com.tr\/wp-content\/uploads\/2026\/03\/pc-514k-tr-480x430.webp 480w, https:\/\/herbalkilokontrol.com.tr\/wp-content\/uploads\/2026\/03\/pc-514k-tr-800x716.webp 800w\" sizes=\"(max-width:767px) 480px, (max-width:800px) 100vw, 800px\" \/><\/div>\n\t\t\t\t\t<div class=\"wc-block-grid__product-title\">HL\/Skin Besleyici El ve V\u00fccut Losyonu<\/div>\n\t\t\t\t<\/a>\n\t\t\t\t<div class=\"wc-block-grid__product-price price\"><del aria-hidden=\"true\"><span class=\"woocommerce-Price-amount amount\"><span class=\"woocommerce-Price-currencySymbol\">&#8378;<\/span>1.068,32<\/span><\/del> <span class=\"screen-reader-text\">Orijinal fiyat: &#8378;1.068,32.<\/span><ins aria-hidden=\"true\"><span class=\"woocommerce-Price-amount amount\"><span class=\"woocommerce-Price-currencySymbol\">&#8378;<\/span>688,12<\/span><\/ins><span class=\"screen-reader-text\">\u015eu andaki fiyat: &#8378;688,12.<\/span><\/div>\n\t\t\t\t\n\t\t\t\t<div class=\"wp-block-button wc-block-grid__product-add-to-cart\"><a href=\"?add-to-cart=1303\" aria-label=\"Sepete ekle: \u201cHL\/Skin Besleyici El ve V\u00fccut Losyonu\u201d\" data-quantity=\"1\" data-product_id=\"1303\" data-product_sku=\"\" data-price=\"688.118812\" rel=\"nofollow\" class=\"wp-block-button__link  add_to_cart_button ajax_add_to_cart\">Sepete Ekle<\/a><\/div>\n\t\t\t<\/li><li class=\"wc-block-grid__product\">\n\t\t\t\t<a href=\"https:\/\/herbalkilokontrol.com.tr\/index.php\/product\/hl-skin-besleyici-goz-kremi\/\" class=\"wc-block-grid__product-link\">\n\t\t\t\t\t<div class=\"wc-block-grid__product-onsale\">\n\t\t\t<span aria-hidden=\"true\">\u0130ndirim<\/span>\n\t\t\t<span class=\"screen-reader-text\">\u0130ndirimdeki \u00fcr\u00fcn<\/span>\n\t\t<\/div>\n\t\t\t\t\t<div class=\"wc-block-grid__product-image\"><img loading=\"lazy\" decoding=\"async\" width=\"800\" height=\"716\" src=\"https:\/\/herbalkilokontrol.com.tr\/wp-content\/uploads\/2026\/03\/pc-515k-tr.webp\" class=\"attachment-woocommerce_thumbnail size-woocommerce_thumbnail\" alt=\"HL\/Skin Besleyici G\u00f6z Kremi\" srcset=\"https:\/\/herbalkilokontrol.com.tr\/wp-content\/uploads\/2026\/03\/pc-515k-tr.webp 875w, https:\/\/herbalkilokontrol.com.tr\/wp-content\/uploads\/2026\/03\/pc-515k-tr-500x447.webp 500w, https:\/\/herbalkilokontrol.com.tr\/wp-content\/uploads\/2026\/03\/pc-515k-tr-300x268.webp 300w, https:\/\/herbalkilokontrol.com.tr\/wp-content\/uploads\/2026\/03\/pc-515k-tr-768x687.webp 768w, https:\/\/herbalkilokontrol.com.tr\/wp-content\/uploads\/2026\/03\/pc-515k-tr-84x75.webp 84w, https:\/\/herbalkilokontrol.com.tr\/wp-content\/uploads\/2026\/03\/pc-515k-tr-480x430.webp 480w, https:\/\/herbalkilokontrol.com.tr\/wp-content\/uploads\/2026\/03\/pc-515k-tr-800x716.webp 800w\" sizes=\"(max-width:767px) 480px, (max-width:800px) 100vw, 800px\" \/><\/div>\n\t\t\t\t\t<div class=\"wc-block-grid__product-title\">HL\/Skin Besleyici G\u00f6z Kremi<\/div>\n\t\t\t\t<\/a>\n\t\t\t\t<div class=\"wc-block-grid__product-price price\"><del aria-hidden=\"true\"><span class=\"woocommerce-Price-amount amount\"><span class=\"woocommerce-Price-currencySymbol\">&#8378;<\/span>1.799,01<\/span><\/del> <span class=\"screen-reader-text\">Orijinal fiyat: &#8378;1.799,01.<\/span><ins aria-hidden=\"true\"><span class=\"woocommerce-Price-amount amount\"><span class=\"woocommerce-Price-currencySymbol\">&#8378;<\/span>1.115,84<\/span><\/ins><span class=\"screen-reader-text\">\u015eu andaki fiyat: &#8378;1.115,84.<\/span><\/div>\n\t\t\t\t\n\t\t\t\t<div class=\"wp-block-button wc-block-grid__product-add-to-cart\"><a href=\"?add-to-cart=1300\" aria-label=\"Sepete ekle: \u201cHL\/Skin Besleyici G\u00f6z Kremi\u201d\" data-quantity=\"1\" data-product_id=\"1300\" data-product_sku=\"\" data-price=\"1115.841584\" rel=\"nofollow\" class=\"wp-block-button__link  add_to_cart_button ajax_add_to_cart\">Sepete Ekle<\/a><\/div>\n\t\t\t<\/li><li class=\"wc-block-grid__product\">\n\t\t\t\t<a href=\"https:\/\/herbalkilokontrol.com.tr\/index.php\/product\/hl-skin-yogun-sikilastirici-krem\/\" class=\"wc-block-grid__product-link\">\n\t\t\t\t\t<div class=\"wc-block-grid__product-onsale\">\n\t\t\t<span aria-hidden=\"true\">\u0130ndirim<\/span>\n\t\t\t<span class=\"screen-reader-text\">\u0130ndirimdeki \u00fcr\u00fcn<\/span>\n\t\t<\/div>\n\t\t\t\t\t<div class=\"wc-block-grid__product-image\"><img loading=\"lazy\" decoding=\"async\" width=\"800\" height=\"716\" src=\"https:\/\/herbalkilokontrol.com.tr\/wp-content\/uploads\/2026\/03\/pc-513k-tr.webp\" class=\"attachment-woocommerce_thumbnail size-woocommerce_thumbnail\" alt=\"HL\/Skin Yo\u011fun S\u0131k\u0131la\u015ft\u0131r\u0131c\u0131 Krem\" srcset=\"https:\/\/herbalkilokontrol.com.tr\/wp-content\/uploads\/2026\/03\/pc-513k-tr.webp 875w, https:\/\/herbalkilokontrol.com.tr\/wp-content\/uploads\/2026\/03\/pc-513k-tr-500x447.webp 500w, https:\/\/herbalkilokontrol.com.tr\/wp-content\/uploads\/2026\/03\/pc-513k-tr-300x268.webp 300w, https:\/\/herbalkilokontrol.com.tr\/wp-content\/uploads\/2026\/03\/pc-513k-tr-768x687.webp 768w, https:\/\/herbalkilokontrol.com.tr\/wp-content\/uploads\/2026\/03\/pc-513k-tr-84x75.webp 84w, https:\/\/herbalkilokontrol.com.tr\/wp-content\/uploads\/2026\/03\/pc-513k-tr-480x430.webp 480w, https:\/\/herbalkilokontrol.com.tr\/wp-content\/uploads\/2026\/03\/pc-513k-tr-800x716.webp 800w\" sizes=\"(max-width:767px) 480px, (max-width:800px) 100vw, 800px\" \/><\/div>\n\t\t\t\t\t<div class=\"wc-block-grid__product-title\">HL\/Skin Yo\u011fun S\u0131k\u0131la\u015ft\u0131r\u0131c\u0131 Krem<\/div>\n\t\t\t\t<\/a>\n\t\t\t\t<div class=\"wc-block-grid__product-price price\"><del aria-hidden=\"true\"><span class=\"woocommerce-Price-amount amount\"><span class=\"woocommerce-Price-currencySymbol\">&#8378;<\/span>2.367,33<\/span><\/del> <span class=\"screen-reader-text\">Orijinal fiyat: &#8378;2.367,33.<\/span><ins aria-hidden=\"true\"><span class=\"woocommerce-Price-amount amount\"><span class=\"woocommerce-Price-currencySymbol\">&#8378;<\/span>1.468,32<\/span><\/ins><span class=\"screen-reader-text\">\u015eu andaki fiyat: &#8378;1.468,32.<\/span><\/div>\n\t\t\t\t\n\t\t\t\t<div class=\"wp-block-button wc-block-grid__product-add-to-cart\"><a href=\"?add-to-cart=1298\" aria-label=\"Sepete ekle: \u201cHL\/Skin Yo\u011fun S\u0131k\u0131la\u015ft\u0131r\u0131c\u0131 Krem\u201d\" data-quantity=\"1\" data-product_id=\"1298\" data-product_sku=\"be\/bs3\/0017-3-1-1-1-1-1\" data-price=\"1468.316832\" rel=\"nofollow\" class=\"wp-block-button__link  add_to_cart_button ajax_add_to_cart\">Sepete Ekle<\/a><\/div>\n\t\t\t<\/li><li class=\"wc-block-grid__product\">\n\t\t\t\t<a href=\"https:\/\/herbalkilokontrol.com.tr\/index.php\/product\/hl-skin-%10-niacinamide-serum\/\" class=\"wc-block-grid__product-link\">\n\t\t\t\t\t<div class=\"wc-block-grid__product-onsale\">\n\t\t\t<span aria-hidden=\"true\">\u0130ndirim<\/span>\n\t\t\t<span class=\"screen-reader-text\">\u0130ndirimdeki \u00fcr\u00fcn<\/span>\n\t\t<\/div>\n\t\t\t\t\t<div class=\"wc-block-grid__product-image\"><img loading=\"lazy\" decoding=\"async\" width=\"800\" height=\"716\" src=\"https:\/\/herbalkilokontrol.com.tr\/wp-content\/uploads\/2026\/03\/pc-508k-tr.webp\" class=\"attachment-woocommerce_thumbnail size-woocommerce_thumbnail\" alt=\"HL\/Skin %10 Niacinamide Serum\" srcset=\"https:\/\/herbalkilokontrol.com.tr\/wp-content\/uploads\/2026\/03\/pc-508k-tr.webp 875w, https:\/\/herbalkilokontrol.com.tr\/wp-content\/uploads\/2026\/03\/pc-508k-tr-500x447.webp 500w, https:\/\/herbalkilokontrol.com.tr\/wp-content\/uploads\/2026\/03\/pc-508k-tr-300x268.webp 300w, https:\/\/herbalkilokontrol.com.tr\/wp-content\/uploads\/2026\/03\/pc-508k-tr-768x687.webp 768w, https:\/\/herbalkilokontrol.com.tr\/wp-content\/uploads\/2026\/03\/pc-508k-tr-84x75.webp 84w, https:\/\/herbalkilokontrol.com.tr\/wp-content\/uploads\/2026\/03\/pc-508k-tr-480x430.webp 480w, https:\/\/herbalkilokontrol.com.tr\/wp-content\/uploads\/2026\/03\/pc-508k-tr-800x716.webp 800w\" sizes=\"(max-width:767px) 480px, (max-width:800px) 100vw, 800px\" \/><\/div>\n\t\t\t\t\t<div class=\"wc-block-grid__product-title\">HL\/Skin %10 Niacinamide Serum<\/div>\n\t\t\t\t<\/a>\n\t\t\t\t<div class=\"wc-block-grid__product-price price\"><del aria-hidden=\"true\"><span class=\"woocommerce-Price-amount amount\"><span class=\"woocommerce-Price-currencySymbol\">&#8378;<\/span>2.130,69<\/span><\/del> <span class=\"screen-reader-text\">Orijinal fiyat: &#8378;2.130,69.<\/span><ins aria-hidden=\"true\"><span class=\"woocommerce-Price-amount amount\"><span class=\"woocommerce-Price-currencySymbol\">&#8378;<\/span>1.321,78<\/span><\/ins><span class=\"screen-reader-text\">\u015eu andaki fiyat: &#8378;1.321,78.<\/span><\/div>\n\t\t\t\t\n\t\t\t\t<div class=\"wp-block-button wc-block-grid__product-add-to-cart\"><a href=\"?add-to-cart=1296\" aria-label=\"Sepete ekle: \u201cHL\/Skin %10 Niacinamide Serum\u201d\" data-quantity=\"1\" data-product_id=\"1296\" data-product_sku=\"be\/bs3\/0017-3-1-1-1-1\" data-price=\"1321.782178\" rel=\"nofollow\" class=\"wp-block-button__link  add_to_cart_button ajax_add_to_cart\">Sepete Ekle<\/a><\/div>\n\t\t\t<\/li><\/ul><\/div><\/div><\/div>","protected":false},"excerpt":{"rendered":"","protected":false},"author":1,"featured_media":0,"parent":0,"menu_order":0,"comment_status":"closed","ping_status":"closed","template":"","meta":{"om_disable_all_campaigns":false,"_monsterinsights_skip_tracking":false,"_monsterinsights_sitenote_active":false,"_monsterinsights_sitenote_note":"","_monsterinsights_sitenote_category":0,"footnotes":""},"class_list":["post-17","page","type-page","status-publish","hentry"],"aioseo_notices":[],"_links":{"self":[{"href":"https:\/\/herbalkilokontrol.com.tr\/index.php\/wp-json\/wp\/v2\/pages\/17"}],"collection":[{"href":"https:\/\/herbalkilokontrol.com.tr\/index.php\/wp-json\/wp\/v2\/pages"}],"about":[{"href":"https:\/\/herbalkilokontrol.com.tr\/index.php\/wp-json\/wp\/v2\/types\/page"}],"author":[{"embeddable":true,"href":"https:\/\/herbalkilokontrol.com.tr\/index.php\/wp-json\/wp\/v2\/users\/1"}],"replies":[{"embeddable":true,"href":"https:\/\/herbalkilokontrol.com.tr\/index.php\/wp-json\/wp\/v2\/comments?post=17"}],"version-history":[{"count":2,"href":"https:\/\/herbalkilokontrol.com.tr\/index.php\/wp-json\/wp\/v2\/pages\/17\/revisions"}],"predecessor-version":[{"id":963,"href":"https:\/\/herbalkilokontrol.com.tr\/index.php\/wp-json\/wp\/v2\/pages\/17\/revisions\/963"}],"wp:attachment":[{"href":"https:\/\/herbalkilokontrol.com.tr\/index.php\/wp-json\/wp\/v2\/media?parent=17"}],"curies":[{"name":"wp","href":"https:\/\/api.w.org\/{rel}","templated":true}]}}